derivative of k**4/4 - 11*k**3/3 - 9*k**2/2 - 4*k + 59. What are the prime factors of q(14)?
2, 229
Suppose 0 = 4*c + 3*i - 3, -i = -5*c + 6 - 7. Suppose c = -d + 330 + 207. List the prime factors of d.
3, 179
Suppose 11*r + 134 = 2. What are the prime factors of (11/(-4) - (-3)/r) + 223?
2, 5, 11
Suppose -15*s + 12*s + 2*m = -205661, 2*m = -2*s + 137084. What are the prime factors of s?
13, 5273
List the prime factors of (((-14295)/(-6))/5)/(6*13/936).
2, 3, 953
Let a = 38331 - 15001. What are the prime factors of a?
2, 5, 2333
Let x be ((-204)/24)/((-1)/2). Let w(d) = d**2 - 11*d + 15. Let y be w(x). Suppose h + y = 4*h. What are the prime factors of h?
3, 13
Suppose -l - 3 = 5*n, 3 = 3*n - 6. What are the prime factors of (275/2)/(l/(-36))?
5, 11
Let h(d) = 2*d**3 + d**2 + 3*d - 4. Let a be h(-3). Suppose 5*n - 424 - 409 = -3*v, -v + 1 = 0. Let r = a + n. List the prime factors of r.
2, 3
Let n = 409 - 37. Let h = 208 + n. What are the prime factors of h?
2, 5, 29
Suppose 2*b - 4*b + 8 = 0. Let u(l) = 2*l + 10. Let i be u(b). Suppose 13*x = i*x - 480. List the prime factors of x.
2, 3
Suppose 5*z + 589 - 164 = 0. Let f = z - -95. What are the prime factors of f?
2, 5
Suppose 19*q = 1586735 - 136465. List the prime factors of q.
2, 5, 17, 449
What are the prime factors of (-219 + -5 + 1)/((-40)/13 - -3)?
13, 223
Suppose 6*c - y - 21 = 3*c, 0 = -5*c + 4*y + 42. Suppose c*h - 15 - 9 = 0. Suppose 133 = -h*z + 389. What are the prime factors of z?
2
Let f(i) = -16*i**3 + 8*i**2 + 15*i + 4. Let c be f(-6). Suppose c = 16*o + 1034. What are the prime factors of o?
2, 41
Suppose -90 = -2*h + 4*m, 2*h - 6*m + 10*m = 82. Suppose -h*n = -46*n + 171. List the prime factors of n.
3, 19
Let s(g) = -g**2. Suppose 8*i + 4 = 4*i. Let h(y) = y**3 - 18*y**2 - 6*y + 5. Let t(p) = i*h(p) + 5*s(p). List the prime factors of t(13).
73
Suppose 319*q - 4425375 = 3786323. What are the prime factors of q?
2, 61, 211
Suppose 0*w - 4*w - c = -534, -2*c = w - 130. Let s = w + -10. Suppose 3*f - 278 = 5*x, 4*x - 22 = f - s. What are the prime factors of f?
2, 43
Let j(p) = -7*p + 12. Let i(q) = 6*q + 10*q**3 - 9*q**3 - 5*q**2 - 6 + 0 - 4*q. Let v be i(4). List the prime factors of j(v).
2, 5, 11
Let u(q) = -96*q + 61. Let r be u(21). Let n = 3500 + r. List the prime factors of n.
3, 5, 103
Let g = 2504 - -3292. Suppose g = 8*b - b. Suppose -15*y + b = 3*y. What are the prime factors of y?
2, 23
Let u(i) = -5*i + 5 + 4*i - 14 + 15 + 26. List the prime factors of u(-8).
2, 5
Let p(z) = 182*z**2 - 5*z + 109. What are the prime factors of p(-10)?
11, 1669
Suppose 0 = -3*u + 4*d + 50, 6*d = -5*u + d + 95. Suppose -1110 = -4*q - u. List the prime factors of q.
3, 7, 13
Suppose 121490 + 157215 - 95038 = 11*v. List the prime factors of v.
59, 283
Suppose 154*u + 3*h + 51184 = 159*u, -3*h + 40931 = 4*u. What are the prime factors of u?
5, 23, 89
Suppose -8*y - 22 - 98 = 0. List the prime factors of y/20 + (-40033)/(-28).
1429
Let a(k) be the second derivative of 19*k**5/30 - k**4/12 - 21*k**2/2 + 15*k. Let g(h) be the first derivative of a(h). List the prime factors of g(-1).
2, 5
List the prime factors of (-117468)/(-312)*(-2032)/(-12).
2, 127, 251
Suppose -s - 2*x = -1878 + 468, -5*s + 7074 = 2*x. Suppose 13*k - s = 7*k. What are the prime factors of k?
2, 59
List the prime factors of -2 - 1*(-10)/((-30)/(-62697)).
20897
Let q(x) = 574*x**2 - 140*x + 18. What are the prime factors of q(10)?
2, 37, 757
Let r = 184 - 181. Suppose 0 = -3*c - r*v + 2532, -4244 = -5*c + 12*v - 9*v. What are the prime factors of c?
7, 11
Let l = -14557 + 22382. List the prime factors of l.
5, 313
Let x(o) = 4*o**2 + 4. Let n(z) = -z**3 + 7*z**2 - 5*z - 2. Let s be n(6). Suppose -3*y - 28 = 4*p, 4*p + 0*y = s*y. What are the prime factors of x(p)?
2, 17
Suppose -19 - 16 = -5*d - 2*a, 2*d = 2*a. Suppose d*m - 108 + 598 = 0. List the prime factors of 513/7 + 28/m.
73
Let a = 1756 - 1175. Let m = -101 + a. List the prime factors of m.
2, 3, 5
Let n be (-35)/(-20) - (-3)/(-4). Let d(m) = -74*m**2 - 2*m + 4. Let y(q) = -149*q**2 - 3*q + 9. Let w(h) = -5*d(h) + 2*y(h). List the prime factors of w(n).
2, 37
What are the prime factors of 1625 + (2 - 6) + 19?
2, 5, 41
Suppose 2*a - 170 = 3*u - 4*u, -2*a = -2*u - 188. List the prime factors of a.
2, 11
Let d(q) = q**2 - q. Let t = -20 + 17. Let w(g) = -g**3 - 20*g**2 + 8*g - 18. Let p(i) = t*d(i) - w(i). List the prime factors of p(-17).
103
Let g(t) = -t**3 - 17*t**2 - 4*t - 23. Suppose k = -3*k + 8. Suppose -2*o + 4*m = 3*o + 69, m - 30 = k*o. What are the prime factors of g(o)?
3, 5
Let i(r) = 1362*r - 3799. List the prime factors of i(18).
20717
Let w = -783 + -169. Let l = w - -1624. What are the prime factors of l?
2, 3, 7
Let x = 79 - 73. List the prime factors of 574 + (-5 + 5 - x).
2, 71
Suppose 18*g - 106909 = 142121. What are the prime factors of g?
5, 2767
Suppose x = -2*x + 315. Let i be 178*(-4)/(-6)*(-201)/268. Let b = i + x. List the prime factors of b.
2
Suppose -7 = 3*g - 55. What are the prime factors of g/24*852/(6/3)?
2, 71
Suppose 2*w - 52300 = -4*u, 3*w - 852*u - 78429 = -851*u. List the prime factors of w.
2, 19, 43
Suppose -70 = 2*d + 5*w - 12, -3*d + 3*w - 129 = 0. Let p be 6/d + 22210/(-130). What are the prime factors of -3 - -1 - (p + -6)?
5, 7
Let h = 20 + -14. Let i(p) = -12*p**3 + 3*p**2 + 16*p. Let r(s) = -s**3 + s**2 + 1. Let y(n) = i(n) - 14*r(n). What are the prime factors of y(h)?
2, 59
Suppose 9*a + 3 - 30 = 0. Suppose 4*p = -4*q + 5*p + 1420, a*p = q - 355. What are the prime factors of q?
5, 71
Suppose -393*k - 20053 - 88697 = -399*k. List the prime factors of k.
5, 29
Let m(f) = 3*f - 98. Let j be m(34). Suppose 2*r = p - 428, 4*p - j*r - 2134 = -p. What are the prime factors of p?
2, 3, 71
Suppose 5*q = -a - 22, -3*a + q + 34 = -4*q. Suppose -a*p - p = 3*l - 2, 2*p - 10 = 0. Let u(h) = -h**3 - 6*h**2 - 4*h + 3. List the prime factors of u(l).
3
Suppose -4*p + 52 = 2*w, p - 2*w + 0*w = 18. Suppose -4*u = -p*u. What are the prime factors of (u - 30)*-4*(-14)/(-20)?
2, 3, 7
Suppose 3*c + 40497 + 18303 = 5*f, -3*c = 2*f - 23541. List the prime factors of f.
3, 1307
Suppose 112174 = -13*l - 10*l + 598877. What are the prime factors of l?
7, 3023
Suppose -3*q = x - 17160 - 2518, 19713 = x - 4*q. What are the prime factors of x?
47, 419
Suppose -5*j + 10454 = a, 4*j + 4*a - 12170 + 3810 = 0. Suppose 11*t - j = 8*t. List the prime factors of t.
17, 41
Suppose 10*f + 2183 - 393 = 0. Let q = 373 + f. Let x = q - -9. What are the prime factors of x?
7, 29
Suppose -9108 + 39516 = 12*s. Suppose 8*m - m - s = 0. What are the prime factors of m?
2, 181
Suppose -7*z - 37546 + 43674 = -48955. What are the prime factors of z?
3, 43, 61
Let i(v) = 6*v - 11. Let j be i(2). Let u = j - -47. Suppose -o - 3*o = -2*d - 44, -4*o + 4*d = -u. What are the prime factors of o?
2, 5
Suppose -5*r + 8*r = -21. Let w(y) = -2*y**2 - 11*y - 24. Let l be w(r). Let n = 30 - l. What are the prime factors of n?
3, 5
Let q(p) = 6255*p - 77. What are the prime factors of q(1)?
2, 3089
Let c(d) = 126*d**3 - 10 - 225*d**3 + 1065*d**3 + 9*d. List the prime factors of c(1).
5, 193
Let q(j) = j**3 - 5*j**2 + 9*j - 20. Let p be q(4). Suppose -5*z - 81 + 96 = p. Suppose -z*u + 218 = -640. What are the prime factors of u?
2, 11, 13
Suppose 2*h = -18*h - 3160. Let y = 430 + h. List the prime factors of y.
2, 17
Let x(y) = 10*y**2 + 3*y + 22. Let v(r) = -17*r**2 - 5*r - 41. Let o(l) = -6*v(l) - 10*x(l). Suppose 2*d - 10 = -0*d. List the prime factors of o(d).
2, 19
Let p be (-61851)/(-106)*(-20)/(-6). Suppose 146*n = 141*n + p. What are the prime factors of n?
389
Suppose 3*i - 17 = -164. Let f be (-35)/i + (-4)/(-14). Let l = f - -16. What are the prime factors of l?
17
What are the prime factors of (-26)/312*-3 + 22951/4?
2, 19, 151
Let l = 3049 - 4430. Let j = l - -2632. List the prime factors of j.
3, 139
Let u be (-2)/(-3)*((0 - -5) + 4). Let a(y) = -y**3 + 7*y**2 - 7*y - 2. Let b be a(u). Let x(k) = k**3 + 10*k**2 + 2*k - 3. List the prime factors of x(b).
109
Let a be (-9)/36 - (-59)/(-4). Let k(s) = -s**3 - 16*s**2 + 16*s - 31. Let u be k(a). What are the prime factors of (-11)/(-33) - u/6?
83
Let y be 30/21*(5 - -2) + 0. Suppose -140 = 2*v - 2*j - 634, y =